ons digit of 727707868?
7
What is the hundred thousands digit of 77985014?
9
What is the millions digit of 25592433?
5
What is the millions digit of 260669205?
0
What is the hundreds digit of 191880587?
5
What is the ten millions digit of 953760364?
5
What is the tens digit of 1281312513?
1
What is the hundreds digit of 1816704401?
4
What is the thousands digit of 4524389538?
9
What is the millions digit of 46302350?
6
What is the thousands digit of 4868879464?
9
What is the hundred millions digit of 418910094?
4
What is the units digit of 203894513?
3
What is the tens digit of 54517551?
5
What is the ten thousands digit of 46522204?
2
What is the millions digit of 3324541244?
4
What is the ten millions digit of 40371718?
4
What is the millions digit of 47458042?
7
What is the ten millions digit of 458365310?
5
What is the hundred millions digit of 6330237589?
3
What is the ten thousands digit of 3107499628?
9
What is the ten thousands digit of 1840309217?
0
What is the hundreds digit of 147484726?
7
What is the millions digit of 126618490?
6
What is the ten thousands digit of 477578737?
7
What is the billions digit of 1139866455?
1
What is the units digit of 9154013451?
1
What is the billions digit of 1172519720?
1
What is the thousands digit of 158766554?
6
What is the units digit of 1795491814?
4
What is the tens digit of 787808354?
5
What is the thousands digit of 221127061?
7
What is the tens digit of 2593172493?
9
What is the hundred millions digit of 200012306?
2
What is the thousands digit of 290526338?
6
What is the ten thousands digit of 47340316?
4
What is the hundred millions digit of 564442420?
5
What is the units digit of 70484087?
7
What is the thousands digit of 21016796?
6
What is the hundred thousands digit of 346568391?
5
What is the billions digit of 1068323943?
1
What is the hundreds digit of 6770866445?
4
What is the hundred millions digit of 796580560?
7
What is the ten millions digit of 87513339?
8
What is the ten thousands digit of 57919799?
1
What is the millions digit of 539848911?
9
What is the hundred thousands digit of 4585611758?
6
What is the ten thousands digit of 261720328?
2
What is the hundreds digit of 899939679?
6
What is the tens digit of 52785369?
6
What is the thousands digit of 208952708?
2
What is the tens digit of 550635?
3
What is the units digit of 32905300?
0
What is the units digit of 1547621049?
9
What is the hundred thousands digit of 2834901874?
9
What is the ten thousands digit of 356133747?
3
What is the millions digit of 2472100776?
2
What is the ten thousands digit of 1116769274?
6
What is the hundred millions digit of 324447461?
3
What is the units digit of 2137406178?
8
What is the hundred thousands digit of 403673844?
6
What is the ten thousands digit of 105452176?
5
What is the hundreds digit of 4736930402?
4
What is the thousands digit of 333648425?
8
What is the hundred millions digit of 263659430?
2
What is the thousands digit of 26089573?
9
What is the ten millions digit of 4438107330?
3
What is the hundred millions digit of 956928124?
9
What is the ten thousands digit of 33630417?
3
What is the hundreds digit of 31263268?
2
What is the tens digit of 307231537?
3
What is the ten thousands digit of 358323036?
2
What is the billions digit of 5232653518?
5
What is the thousands digit of 53860989?
0
What is the ten thousands digit of 731315981?
1
What is the hundreds digit of 413969180?
1
What is the ten millions digit of 28574871?
2
What is the hundred thousands digit of 134465840?
4
What is the hundred thousands digit of 101010924?
0
What is the hundreds digit of 21431701?
7
What is the hundred thousands digit of 1046537807?
5
What is the units digit of 16965936?
6
What is the units digit of 39353110?
0
What is the ten thousands digit of 206384093?
8
What is the millions digit of 39470839?
9
What is the ten millions digit of 316077986?
1
What is the ten thousands digit of 125469816?
6
What is the millions digit of 1958300070?
8
What is the millions digit of 2691747087?
1
What is the thousands digit of 5832184?
2
What is the tens digit of 56185027?
2
What is the tens digit of 33233470?
7
What is the tens digit of 92840230?
3
What is the millions digit of 172054969?
2
What is the tens digit of 1400343588?
8
What is the tens digit of 46949544?
4
What is the thousands digit of 175861893?
1
What is the tens digit of 43609838?
3
What is the units digit of 401551061?
1
What is the ten millions digit of 173184107?
7
What is the tens digit of 316792651?
5
What is the tens digit of 268906330?
3
What is the billions digit of 1983303922?
1
What is the thousands digit of 89987960?
7
What is the hundred thousands digit of 129456216?
4
What is the hundreds digit of 487533668?
6
What is the millions digit of 137719059?
7
What is the hundred millions digit of 341400945?
3
What is the thousands digit of 6145421159?
1
What is the hundreds digit of 18753452?
4
What is the hundred millions digit of 628254721?
6
What is the hundreds digit of 93112275?
2
What is the ten millions digit of 117797267?
1
What is the hundred thousands digit of 810240973?
2
What is the tens digit of 568821600?
0
What is the ten thousands digit of 122740134?
4
What is the ten millions digit of 1024917324?
2
What is the units digit of 171436549?
9
What is the thousands digit of 3787149338?
9
What is the thousands digit of 93761715?
1
What is the hundred thousands digit of 1132858018?
8
What is the thousands digit of 4433933552?
3
What is the ten millions digit of 139845784?
3
What is the thousands digit of 24490247?
0
What is the hundreds digit of 1024794395?
3
What is the ten thousands digit of 38260862?
6
What is the millions digit of 813567879?
3
What is the thousands digit of 566271336?
1
What is the units digit of 931575089?
9
What is the ten millions digit of 773917635?
7
What is the thousands digit of 44975162?
5
What is the hundreds digit of 31027276?
2
What is the ten thousands digit of 63644125?
4
What is the millions digit of 24127773?
4
What is the millions digit of 242374974?
2
What is the tens digit of 319602538?
3
What is the units digit of 136273700?
0
What is the hundred thousands digit of 333521303?
5
What is the ten thousands digit of 43964381?
6
What is the millions digit of 6102439?
6
What is the hundred thousands digit of 165674965?
6
What is the hundreds digit of 366893457?
4
What is the ten thousands digit of 380740257?
4
What is the ten thousands digit of 91660095?
6
What is the units digit of 35423039?
9
What is the thousands digit of 250402113?
2
What is the hundred millions digit of 1806800039?
8
What is the hundred thousands digit of 31419664?
4
What is the millions digit of 41894171?
1
What is the ten thousands digit of 177284681?
8
What is the millions digit of 168652692?
8
What is the tens digit of 118554449?
4
What is the ten millions digit of 5576728774?
7
What is the hundreds digit of 95828298?
2
What is the millions digit of 262301135?
2
What is the ten thousands digit of 40180471?
8
What is the millions digit of 64533046?
4
What is the units digit of 1765562117?
7
What is the units digit of 75181232?
2
What is the hundred thousands digit of 934407121?
4
What is the thousands digit of 18046075?
6
What is the tens digit of 72606987?
8
What is the units digit of 34144912?
2
What is the thousands digit of 82757580?
7
What is the tens digit of 21517109?
0
What is the ten millions digit of 2090316643?
9
What is the ten millions digit of 221209019?
2
What is the thousands digit of 183266775?
6
What is the millions digit of 1018070808?
8
What is the tens digit of 555494992?
9
What is the ten millions digit of 6581418503?
8
What is the ten millions digit of 46984212?
4
What is the ten millions digit of 1572551761?
7
What is the hundreds digit of 47928182?
1
What is the units digit of 74832748?
8
What is the hundreds digit of 6356416854?
8
What is the millions digit of 4999134241?
9
What is the tens digit of 2125735367?
6
What is the hundred millions digit of 2985010132?
9
What is the hundred millions digit of 257009589?
2
What is the ten millions digit of 36396242?
3
What is the units digit of 567732084?
4
What is the tens digit of 1444099393?
9
What is the ten millions digit of 87407258?
8
What is